{"id":329,"date":"2012-10-06T14:26:55","date_gmt":"2012-10-06T13:26:55","guid":{"rendered":"http:\/\/www.bonneval-edelweiss.fr\/\/?page_id=329"},"modified":"2021-06-29T21:19:52","modified_gmt":"2021-06-29T20:19:52","slug":"tarifs","status":"publish","type":"page","link":"https:\/\/www.bonneval-edelweiss.fr\/?page_id=329","title":{"rendered":"Tarifs"},"content":{"rendered":"<p>Vous trouverez dans le menu d\u00e9roulant \u00ab\u00a0Tarifs\u00a0\u00bb le d\u00e9tail des<a href=\"http:\/\/www.bonneval-edelweiss.fr\/?page_id=351\"> tarifs des mois \u00e0 venir<\/a>.<\/p>\n<p>Nous sommes \u00e0 votre disposition pour r\u00e9pondre \u00e0 toutes vos questions!<\/p>\n<p><em><strong>Pour tout renseignement<\/strong><\/em>:<br \/>\npar t\u00e9l\u00e9phone:  + 32 (0) 81 56 64 91<br \/>\npar courriel \u00e0 l&rsquo;adresse: <em>reservation(at)bonneval-edelweiss.fr<\/em><br \/>\nou via le formulaire ci-dessous:<br \/>\n[contact_form]<\/p>\n","protected":false},"excerpt":{"rendered":"<p>Vous trouverez dans le menu d\u00e9roulant \u00ab\u00a0Tarifs\u00a0\u00bb le d\u00e9tail des tarifs des mois \u00e0 venir. Nous sommes \u00e0 votre disposition pour r\u00e9pondre \u00e0 toutes vos questions! Pour tout renseignement: par t\u00e9l\u00e9phone: + 32 (0) 81 56 64 91 par courriel &hellip; <a href=\"https:\/\/www.bonneval-edelweiss.fr\/?page_id=329\">Continue reading <span class=\"meta-nav\">&rarr;<\/span><\/a><\/p>\n","protected":false},"author":1,"featured_media":0,"parent":0,"menu_order":1,"comment_status":"closed","ping_status":"closed","template":"","meta":{"footnotes":""},"class_list":["post-329","page","type-page","status-publish","hentry"],"_links":{"self":[{"href":"https:\/\/www.bonneval-edelweiss.fr\/index.php?rest_route=\/wp\/v2\/pages\/329","targetHints":{"allow":["GET"]}}],"collection":[{"href":"https:\/\/www.bonneval-edelweiss.fr\/index.php?rest_route=\/wp\/v2\/pages"}],"about":[{"href":"https:\/\/www.bonneval-edelweiss.fr\/index.php?rest_route=\/wp\/v2\/types\/page"}],"author":[{"embeddable":true,"href":"https:\/\/www.bonneval-edelweiss.fr\/index.php?rest_route=\/wp\/v2\/users\/1"}],"replies":[{"embeddable":true,"href":"https:\/\/www.bonneval-edelweiss.fr\/index.php?rest_route=%2Fwp%2Fv2%2Fcomments&post=329"}],"version-history":[{"count":14,"href":"https:\/\/www.bonneval-edelweiss.fr\/index.php?rest_route=\/wp\/v2\/pages\/329\/revisions"}],"predecessor-version":[{"id":495,"href":"https:\/\/www.bonneval-edelweiss.fr\/index.php?rest_route=\/wp\/v2\/pages\/329\/revisions\/495"}],"wp:attachment":[{"href":"https:\/\/www.bonneval-edelweiss.fr\/index.php?rest_route=%2Fwp%2Fv2%2Fmedia&parent=329"}],"curies":[{"name":"wp","href":"https:\/\/api.w.org\/{rel}","templated":true}]}}

<p>Vous trouverez dans le menu déroulant « Tarifs » le détail des<a href="http://www.bonneval-edelweiss.fr/?page_id=351"> tarifs des mois à venir</a>.</p>
<p>Nous sommes à votre disposition pour répondre à toutes vos questions!</p>
<p><em><strong>Pour tout renseignement</strong></em>:<br />
par téléphone:  + 32 (0) 81 56 64 91<br />
par courriel à l&rsquo;adresse: <em>reservation(at)bonneval-edelweiss.fr</em><br />
ou via le formulaire ci-dessous:<br />
[contact_form]</p>

<p>Vous trouverez dans le menu déroulant « Tarifs » le détail des tarifs des mois à venir. Nous sommes à votre disposition pour répondre à toutes vos questions! Pour tout renseignement: par téléphone: + 32 (0) 81 56 64 91 par courriel &hellip; <a href="https://www.bonneval-edelweiss.fr/?page_id=329">Continue reading <span class="meta-nav">&rarr;</span></a></p>
