{"id":4,"date":"2011-02-20T16:27:35","date_gmt":"2011-02-20T15:27:35","guid":{"rendered":"http:\/\/charleshenri.sneessens.perso.sfr.fr\/bonneval-sur-arc\/?page_id=4"},"modified":"2018-07-28T14:59:14","modified_gmt":"2018-07-28T13:59:14","slug":"4-2","status":"publish","type":"page","link":"https:\/\/www.bonneval-edelweiss.fr\/?page_id=4","title":{"rendered":"Appartement Edelweiss 03"},"content":{"rendered":"<p>Bonneval-sur-Arc est un authentique village de charme dans un site class\u00e9, une station hiver et \u00e9t\u00e9, \u00e0 proximit\u00e9 des chemins de randonn\u00e9es du parc de la Vanoise. La r\u00e9sidence Edelweiss est id\u00e9alement situ\u00e9e dans le Hameau de Tralenta, au pied des pistes de ski, expos\u00e9 plein sud et pr\u00e8s des commerces et services. <a href=\"http:\/\/www.bonneval-edelweiss.fr\/?page_id=51\">L&rsquo;appartement Edelweiss 03<\/a> est un\u00a0 F2 pour 4 personnes, class\u00e9 3*** (Meubl\u00e9s de Tourisme). Appartement\u00a0 spacieux et tr\u00e8s bien \u00e9quip\u00e9; construction r\u00e9cente.<\/p>\n<div id=\"attachment_74\" style=\"width: 445px\" class=\"wp-caption aligncenter\"><a href=\"http:\/\/www.bonneval-edelweiss.fr\/\/wp-content\/uploads\/2011\/02\/Chalet-Edelweiss_oct2011_small-e1328460559362.jpg\"><img loading=\"lazy\" decoding=\"async\" aria-describedby=\"caption-attachment-74\" class=\"size-full wp-image-74\" title=\"Edelweiss1\" src=\"http:\/\/www.bonneval-edelweiss.fr\/\/wp-content\/uploads\/2011\/02\/Chalet-Edelweiss_oct2011_small-e1328460559362.jpg\" alt=\"\" width=\"435\" height=\"225\" \/><\/a><p id=\"caption-attachment-74\" class=\"wp-caption-text\">Chalet Edeweiss, Bonneval-sur-Arc<\/p><\/div>\n<p><a href=\"http:\/\/www.bonneval-edelweiss.fr\/wp-content\/uploads\/2018\/07\/ED03_plan-bis.jpg\">Plan de l&rsquo;appartement<\/a> &#8212;\u00a0\u00a0<a href=\"http:\/\/www.bonneval-edelweiss.fr\/?page_id=54\">Plus de photos<\/a> &#8212;\u00a0 <a href=\"http:\/\/www.bonneval-edelweiss.fr\/?page_id=24\">Situation-Acc\u00e8s<\/a><\/p>\n","protected":false},"excerpt":{"rendered":"<p>Bonneval-sur-Arc est un authentique village de charme dans un site class\u00e9, une station hiver et \u00e9t\u00e9, \u00e0 proximit\u00e9 des chemins de randonn\u00e9es du parc de la Vanoise. La r\u00e9sidence Edelweiss est id\u00e9alement situ\u00e9e dans le Hameau de Tralenta, au pied &hellip; <a href=\"https:\/\/www.bonneval-edelweiss.fr\/?page_id=4\">Continue reading <span class=\"meta-nav\">&rarr;<\/span><\/a><\/p>\n","protected":false},"author":1,"featured_media":176,"parent":0,"menu_order":0,"comment_status":"closed","ping_status":"closed","template":"onecolumn-page.php","meta":{"footnotes":""},"class_list":["post-4","page","type-page","status-publish","has-post-thumbnail","hentry"],"_links":{"self":[{"href":"https:\/\/www.bonneval-edelweiss.fr\/index.php?rest_route=\/wp\/v2\/pages\/4","targetHints":{"allow":["GET"]}}],"collection":[{"href":"https:\/\/www.bonneval-edelweiss.fr\/index.php?rest_route=\/wp\/v2\/pages"}],"about":[{"href":"https:\/\/www.bonneval-edelweiss.fr\/index.php?rest_route=\/wp\/v2\/types\/page"}],"author":[{"embeddable":true,"href":"https:\/\/www.bonneval-edelweiss.fr\/index.php?rest_route=\/wp\/v2\/users\/1"}],"replies":[{"embeddable":true,"href":"https:\/\/www.bonneval-edelweiss.fr\/index.php?rest_route=%2Fwp%2Fv2%2Fcomments&post=4"}],"version-history":[{"count":39,"href":"https:\/\/www.bonneval-edelweiss.fr\/index.php?rest_route=\/wp\/v2\/pages\/4\/revisions"}],"predecessor-version":[{"id":528,"href":"https:\/\/www.bonneval-edelweiss.fr\/index.php?rest_route=\/wp\/v2\/pages\/4\/revisions\/528"}],"wp:featuredmedia":[{"embeddable":true,"href":"https:\/\/www.bonneval-edelweiss.fr\/index.php?rest_route=\/wp\/v2\/media\/176"}],"wp:attachment":[{"href":"https:\/\/www.bonneval-edelweiss.fr\/index.php?rest_route=%2Fwp%2Fv2%2Fmedia&parent=4"}],"curies":[{"name":"wp","href":"https:\/\/api.w.org\/{rel}","templated":true}]}}