{"id":41,"date":"2011-08-21T13:37:30","date_gmt":"2011-08-21T12:37:30","guid":{"rendered":"http:\/\/charleshenri.sneessens.perso.sfr.fr\/bonneval-sur-arc\/?page_id=41"},"modified":"2025-12-15T15:36:26","modified_gmt":"2025-12-15T14:36:26","slug":"liens","status":"publish","type":"page","link":"https:\/\/www.bonneval-edelweiss.fr\/?page_id=41","title":{"rendered":"Liens"},"content":{"rendered":"<p>Pour pr\u00e9parer votre s\u00e9jour, voici quelques liens utiles :<\/p>\n<p><a href=\"https:\/\/www.bonnevalsurarc.fr\">Site de Bonneval-sur-Arc <\/a><\/p>\n<p><a href=\"https:\/\/www.bonnevalsurarc.fr\/liste-services-commerces.html\">Services et commerces \u00e0 Bonneval-sur-Arc <\/a><\/p>\n<p><a href=\"http:\/\/www.bonneval-sur-arc.com\">Site de Haute Maurienne<\/a><\/p>\n<p><a href=\"https:\/\/www.haute-maurienne-vanoise.com\/transports\/se-deplacer-en-haute-maurienne\/\">Guide de mobilit\u00e9 en Haute Maurienne &#8211; Hiver 2025-26<\/a><\/p>\n<p><a href=\"https:\/\/www.bonneval-alpin-center.com\/index.php\/fr\/\">Guide et Accompagnateur en montagne \u00e0 Bonneval<\/a><\/p>\n<p><a href=\"https:\/\/www.esf-bonnevalsurarc.com\/\">Ecole du ski Fran\u00e7ais<\/a><\/p>\n","protected":false},"excerpt":{"rendered":"<p>Pour pr\u00e9parer votre s\u00e9jour, voici quelques liens utiles : Site de Bonneval-sur-Arc Services et commerces \u00e0 Bonneval-sur-Arc Site de Haute Maurienne Guide de mobilit\u00e9 en Haute Maurienne &#8211; Hiver 2025-26 Guide et Accompagnateur en montagne \u00e0 Bonneval Ecole du ski &hellip; <a href=\"https:\/\/www.bonneval-edelweiss.fr\/?page_id=41\">Continue reading <span class=\"meta-nav\">&rarr;<\/span><\/a><\/p>\n","protected":false},"author":1,"featured_media":0,"parent":0,"menu_order":5,"comment_status":"closed","ping_status":"closed","template":"onecolumn-page.php","meta":{"footnotes":""},"class_list":["post-41","page","type-page","status-publish","hentry"],"_links":{"self":[{"href":"https:\/\/www.bonneval-edelweiss.fr\/index.php?rest_route=\/wp\/v2\/pages\/41","targetHints":{"allow":["GET"]}}],"collection":[{"href":"https:\/\/www.bonneval-edelweiss.fr\/index.php?rest_route=\/wp\/v2\/pages"}],"about":[{"href":"https:\/\/www.bonneval-edelweiss.fr\/index.php?rest_route=\/wp\/v2\/types\/page"}],"author":[{"embeddable":true,"href":"https:\/\/www.bonneval-edelweiss.fr\/index.php?rest_route=\/wp\/v2\/users\/1"}],"replies":[{"embeddable":true,"href":"https:\/\/www.bonneval-edelweiss.fr\/index.php?rest_route=%2Fwp%2Fv2%2Fcomments&post=41"}],"version-history":[{"count":24,"href":"https:\/\/www.bonneval-edelweiss.fr\/index.php?rest_route=\/wp\/v2\/pages\/41\/revisions"}],"predecessor-version":[{"id":543,"href":"https:\/\/www.bonneval-edelweiss.fr\/index.php?rest_route=\/wp\/v2\/pages\/41\/revisions\/543"}],"wp:attachment":[{"href":"https:\/\/www.bonneval-edelweiss.fr\/index.php?rest_route=%2Fwp%2Fv2%2Fmedia&parent=41"}],"curies":[{"name":"wp","href":"https:\/\/api.w.org\/{rel}","templated":true}]}}